1 = -161, 5*s = 5*r - k. Calculate the highest common divisor of 63 and r.
21
Let q(l) = -75*l. Let f be q(-1). Suppose 0 = -3*x + 8*x - f. Let c be (-6)/(-9)*x + 2. Calculate the highest common factor of 60 and c.
12
Let v be (4/3)/(2/15). Suppose -592 = -12*q + 728. Calculate the highest common factor of q and v.
10
Suppose 3*w - 5*g - 53 = 110, 0 = -g - 5. Calculate the highest common divisor of 23 and w.
23
Suppose -4*i = 3*k - 1400, -3*i + 7*i - 3*k = 1400. What is the greatest common factor of i and 50?
50
Let l = -76 - -108. Calculate the greatest common divisor of l and 224.
32
Suppose 3*d - 5*l - 182 = 33, 2*d + l = 152. Calculate the highest common factor of d and 3.
3
Suppose -14 = 3*o + n, -2*n - 36 + 16 = 4*o. Let p be (-3)/o + 93/4. Let j(y) = y**3 - 5*y**2 + 6. Let x be j(5). What is the highest common divisor of x and p?
6
Let y = 13 + -4. Let h = -7 + y. Suppose 0 = 3*l - 4*d - 22 - 30, l - h*d = 16. What is the highest common factor of l and 140?
20
Let d(k) = -k**2 + 4*k + 23. Let u be d(7). Let z(a) = -a**2 - 4*a - 1. Let q be z(-1). What is the highest common divisor of u and q?
2
Suppose -216 = -2*g - 5*a, 3*g + 2*a = -a + 324. Calculate the highest common factor of g and 180.
36
Let g be (-5 - -7)/(-14) + 365/7. What is the greatest common divisor of g and 4?
4
Let i be (((-576)/20)/(-9))/((-4)/(-70)). Calculate the highest common factor of 40 and i.
8
Suppose 0 = -2*h - 7*a + 5*a + 1728, 2*a - 3464 = -4*h. Calculate the greatest common factor of h and 28.
28
Let s = -1 + -5. Let o be 4/s + (-168)/(-9). Calculate the highest common factor of 18 and o.
18
Let r = -5 + 119. Let z = r + -100. Calculate the greatest common divisor of z and 6.
2
Let u(b) = 3*b**3 - 5*b**2 - 7*b + 11. Let v be u(3). Calculate the greatest common divisor of 4 and v.
2
Let y be 7254/10 - 26/65. What is the greatest common factor of 29 and y?
29
Suppose 2*o = 3*b + 15, -3*b - 21 = -2*o + 2*b. Suppose -4*f - 9 + 1 = 0, 910 = o*x + 4*f. What is the highest common factor of 34 and x?
34
Let m(j) = -11*j + 48. Let y be m(-9). Suppose 5*b = y + 153. What is the greatest common divisor of b and 72?
12
Let z = -819 + 1521. What is the highest common divisor of z and 54?
54
Let x be (24/9 + -4)*(-31 + 1). Calculate the greatest common factor of 170 and x.
10
Let p be 7/(21/2)*6 - -482. What is the highest common divisor of p and 6?
6
Suppose j - 28 = 112. What is the greatest common divisor of 630 and j?
70
Let v(c) = -9*c**2 - 107*c - 1. Let a be v(-8). What is the greatest common divisor of 9 and a?
9
Let b be (-6 - (9 - 66)) + -7. What is the greatest common divisor of b and 1100?
44
Let g be (70/(-4))/((152/(-240))/19). Calculate the highest common divisor of 70 and g.
35
Suppose 74 + 16 = i. Calculate the highest common factor of i and 30.
30
Let l(n) = n**3 + 18*n**2 + 18*n + 39. Let y be l(-17). Calculate the highest common factor of y and 22.
22
Let t be 3*(48/9 - 4). Suppose -t*d + 0*f = f - 20, 0 = 4*f. Suppose 2 - 47 = -d*o. Calculate the highest common factor of 1 and o.
1
Suppose 17*s + 27 = 26*s. Let x(i) = -24*i**3 - i - 1. Let b be x(-1). What is the highest common factor of s and b?
3
Let i be 8*(-5)/(-120)*(94 - 1). What is the highest common divisor of i and 310?
31
Let g be (-4)/(1 - (-2 + 5)). Let p(y) = -y**2 + 2*y + 3. Let b be p(0). Let k be 54/9*b/g. What is the greatest common divisor of 36 and k?
9
Let x = -3 + 5. Suppose -x*d + 30 = 6. Let z = 123 + d. What is the greatest common divisor of 15 and z?
15
Let m be (0 + -1)*(0 - 0). Suppose m*s = 2*s + 4*y + 4, 5*y + 11 = -s. What is the highest common divisor of s and 32?
4
Suppose -5*n + 264 = h + h, 3*h + 254 = 5*n. What is the highest common factor of n and 78?
26
Let a(s) = -24*s - 6. Let x(q) = 3*q - 15. Let d be x(7). Let g be d/14 - (-155)/(-35). Let b be a(g). Calculate the highest common factor of 10 and b.
10
Let n be ((-2)/(-3))/((-8)/(-12)). Let i be (-3)/(0 + 2 - n). Let o be i/(18/20)*-3. Calculate the highest common divisor of 50 and o.
10
Let i = -76 - -341. Suppose -2*n = l - 6, -3*l = 2*n - 3 - 3. Suppose 5*h - 705 + i = l. Calculate the greatest common divisor of 8 and h.
8
Let c(j) = 6*j**2 - j. Suppose 0 = 4*b + 4 - 8. Let y be c(b). Suppose -t + y*w = -23, 4*t - 2*w = -7*w + 42. Calculate the greatest common factor of 117 and t.
13
Suppose 0 = -2*v + 53 + 187. What is the greatest common divisor of 96 and v?
24
Suppose -2*h - 17 = -h. Let f = -9 - h. Suppose 54*x - 60*x + 72 = 0. Calculate the highest common factor of f and x.
4
Suppose 0 = 17*y - 15*y - 8. Let f(h) = h**3 - h**2 + 3*h - 2. Let r be f(2). What is the greatest common factor of y and r?
4
Suppose 3378 = 18*y - 5478. Calculate the greatest common factor of 615 and y.
123
Suppose -3*i + 14 = -5*d - 9, 4*i - 12 = 2*d. Let g(u) = -21*u + 323. Let q be g(15). What is the highest common factor of q and i?
1
Let b(h) = -h**3 - 13*h**2 - 7*h + 14. Let w be b(-15). Let g = w + -299. Let j be 24/(-14)*70/(-4). Calculate the greatest common divisor of g and j.
30
Let w(s) = -19*s - 296. Let v be w(-17). Calculate the highest common divisor of v and 144.
9
Let m be 11 - -1 - (-16 - -10). Calculate the highest common factor of m and 81.
9
Let w(p) = 5*p**2 - 11*p - 8. Let f be w(-1). Calculate the greatest common divisor of f and 1264.
8
Let k = 2 - -2. Suppose 0*g + g - 51 = 2*n, k*g + 3*n - 160 = 0. Suppose -4*p = 2*s - 42 - 20, 2*s + g = 3*p. Calculate the greatest common divisor of 5 and p.
5
Suppose 0 = -3*r, -h + 2*h - 8 = 4*r. What is the greatest common divisor of 76 and h?
4
Suppose 2*u = i - 6*i + 25, 3*i - u - 15 = 0. Suppose -45 = -4*z + z. Calculate the greatest common factor of i and z.
5
Suppose 0 = 4*p - 1885 - 35. Let b be (15 + -14)*6/(-1 - -3). Suppose p = 2*s + 3*x, -70 - 649 = -b*s - 5*x. What is the highest common factor of 27 and s?
27
Let z = 1105 + -654. Calculate the highest common divisor of 82 and z.
41
Let t = -16 - -23. Let u be 66/21*t/1. What is the greatest common factor of 66 and u?
22
Suppose -443 = -15*g + 7. Calculate the greatest common factor of g and 970.
10
Let t(r) = 4*r - 52. Let m be 6*57/12*(-28)/(-42). Let h be t(m). Suppose -y - y = 2*a - 538, 0 = 2*y + 4*a - 548. What is the highest common factor of h and y?
24
Suppose -v - 4 - 34 = -3*c, 5*c = 3*v + 70. Let j(x) = -22*x - 66. Let k be j(-7). Calculate the highest common factor of c and k.
11
Let w(z) = 5*z - 26. Let q be w(19). What is the greatest common divisor of 115 and q?
23
Suppose 12*u + 164 = 16*u. Let w = -38 + u. Calculate the greatest common divisor of w and 3.
3
Let q(c) = -5*c + 285. Let y be q(53). Calculate the highest common factor of 5 and y.
5
Let u(s) = -2*s**2 - 25*s - 60. Let b be u(-6). Calculate the highest common divisor of 10 and b.
2
Let d(l) = l**3 + 13*l**2 + 5*l + 10. Let o be d(-8). Suppose 4*v + 2*z = o, 4*v + 2*z = -v + 360. What is the greatest common factor of v and 28?
14
Suppose 4*a = -a + 650. Let q = a + 14. Let k = q + -87. Calculate the greatest common divisor of 38 and k.
19
Let d = -13 - -17. Let c be (-715)/26*d/5. Let v be 2/11 + (-480)/c. Calculate the greatest common factor of v and 242.
22
Let i = 114 + -48. Suppose -5*b + 20 = 0, 12*g + 2*b = 16*g - 388. What is the highest common divisor of g and i?
33
Suppose -510 = -35*n + 20*n. What is the highest common factor of n and 136?
34
Let r = 636 + -924. Let k = -57 - r. Calculate the greatest common divisor of k and 21.
21
Let y = 83 - 82. Calculate the highest common factor of y and 98.
1
Suppose 11*t + 1350 = 20*t. Suppose 5*l - 16 = l. Suppose 0 = l*n - 318 - t. Calculate the greatest common factor of 13 and n.
13
Let y(d) = -d + 18. Let c(t) = -t**2 - 11*t + 10. Let a be c(-12). Let b be y(a). What is the greatest common factor of b and 50?
10
Suppose t + 3*a + 5 = 0, a + 35 = 3*t - 5*t. Let n(j) = -j**2 - 3*j - 2. Let o be n(-4). Let s = o - t. Calculate the greatest common factor of s and 126.
14
Suppose 3*q + 241 = -56. Let w = -66 - q. Calculate the greatest common divisor of 22 and w.
11
Suppose -2*l + 19 = -5*s, -5*l + 0*s - 4*s = 2. Suppose -104 = -3*c - l. What is the highest common factor of 85 and c?
17
Let d be 2/(5*(-4)/(-40)). Suppose -l = 0, 49 = -5*f - d*l + 439. Calculate the greatest co